- 264353. Determine m(42).
-5
Let a(t) = 88*t + 11374. What is a(-129)?
22
Let n(a) = 22*a - 850. What is n(44)?
118
Let y(k) = 650*k + 22089. What is y(-34)?
-11
Let i(j) = 1003*j + 4000. Give i(-4).
-12
Let m(h) = h**3 + 19*h**2 - 12*h - 100. Give m(-8).
700
Let l(b) = -2*b**3 + 9*b**2 + 14*b - 17. Give l(5).
28
Let x(s) = -22*s**2 + 51*s - 37. Calculate x(5).
-332
Let u(v) = -2*v**3 - 36*v**2 - 39*v - 38. Give u(-17).
47
Let k(j) = -j**3 - 476*j**2 + j + 60. Determine k(0).
60
Let h(k) = 837*k - 4156. Determine h(5).
29
Let l(v) = 5*v**3 - 2*v + 7. Give l(-3).
-122
Let v(k) = -k**3 + 95*k**2 + k - 125. Calculate v(95).
-30
Let d(p) = 31*p + 167. What is d(-6)?
-19
Let c(n) = -2*n**3 - 37*n**2 - 5*n + 256. What is c(-18)?
22
Let s(d) = -8505*d - 34021. Calculate s(-4).
-1
Let i(k) = -27*k - 138. What is i(-7)?
51
Let c(z) = -2*z - 158. Give c(-7).
-144
Let l(u) = -30*u - 6995. Calculate l(-233).
-5
Let t(k) = -16*k**3 + k**2 + 8*k - 7. Give t(3).
-406
Let n(w) = -w**2 + 103*w - 847. Calculate n(94).
-1
Let y(r) = -2*r**3 - 13*r**2 - 15*r - 19. Determine y(-5).
-19
Let h(l) = -40*l + 165. Give h(5).
-35
Let n(b) = -3*b**2 + 12*b - 15. Give n(4).
-15
Let u(p) = -p**3 - 27*p**2 + 34*p + 173. Give u(-28).
5
Let f(n) = 4*n**2 - 3*n - 12. Calculate f(-4).
64
Let z(t) = -233*t - 1087. What is z(-7)?
544
Let z(w) = -w**3 + 62*w**2 + 63*w - 29. Calculate z(63).
-29
Let k(s) = s**3 - 2*s**2 + 11*s - 25. What is k(5)?
105
Let g(f) = 6*f**2 + f + 35. What is g(-2)?
57
Let j(f) = f**2 + 84*f + 256. Give j(-3).
13
Let u(j) = 154*j + 389. Give u(-3).
-73
Let j(w) = -2*w**3 + 56*w**2 - 54*w - 100. What is j(27)?
-100
Let p(j) = 47*j + 554. Give p(-11).
37
Let f(p) = 6*p + 14. Determine f(-7).
-28
Let g(q) = -5*q**2 - 60*q - 19. Determine g(-12).
-19
Let t(j) = j**3 - 24*j**2 - 59*j + 94. Give t(26).
-88
Let i(o) = 127*o - 7. What is i(1)?
120
Let j(f) = -138*f - 2217. Give j(-16).
-9
Let g(b) = -3*b**2 - 35*b - 257. Calculate g(-14).
-355
Let i(n) = -36*n - 435. Give i(-12).
-3
Let n(i) = i**3 + 16*i**2 + 13*i - 11. Give n(-15).
19
Let k(p) = -6*p**2 - 165*p - 149. What is k(-26)?
85
Let c(i) = -58*i**2 + 4*i + 208. Calculate c(-2).
-32
Let l(n) = -12*n**2 - 27*n + 4. What is l(-4)?
-80
Let n(a) = -a**3 - 22*a**2 + 11*a + 155. What is n(-22)?
-87
Let f(m) = -m + 16. Determine f(-16).
32
Let b(p) = -4*p**2 - 69*p - 14. Give b(-21).
-329
Let o(a) = -a - 56. Determine o(-44).
-12
Let k(g) = g**2 + 7*g - 78. Give k(12).
150
Let h(n) = n**2 + 18*n - 7. Give h(-17).
-24
Let j(d) = d**2 - 2427*d + 24233. Give j(10).
63
Let r(b) = -b**2 + 26*b + 261. Determine r(34).
-11
Let h(l) = -32*l**2 + 9*l - 3. Give h(2).
-113
Let u(w) = -72*w - 4358. Give u(-61).
34
Let t(o) = -o**2 + 11*o + 187. Calculate t(21).
-23
Let z(q) = -2855*q - 11415. Give z(-4).
5
Let d(l) = -147*l - 1125. Give d(-7).
-96
Let n(q) = 63*q - 1097. Give n(11).
-404
Let y(p) = -p**3 - 15*p**2 + 67*p - 50. Determine y(-20).
610
Let s(d) = -29*d - 242. Give s(-13).
135
Let r(l) = l**2 - 111*l + 424. Calculate r(107).
-4
Let u(m) = -m**3 + 18*m**2 + 3*m - 79. Give u(19).
-383
Let a(p) = -584*p - 3518. Give a(-6).
-14
Let g(h) = -4*h**3 - 71*h**2 + 91*h - 82. Calculate g(-19).
-6
Let y(j) = -12*j**3 - 2*j**2 + 33*j - 72. Give y(2).
-110
Let a(j) = j**3 - 19*j**2 - 374*j + 47. What is a(31)?
-15
Let y(n) = 2*n**2 + 80*n + 153. What is y(-23)?
-629
Let p(x) = -717*x - 20067. Give p(-28).
9
Let x(i) = -i**3 - 153*i**2 - 14*i - 2143. Determine x(-153).
-1
Let s(p) = 1055*p + 6. Calculate s(0).
6
Let w(t) = t**3 + 12*t**2 + 23*t - 7. What is w(-2)?
-13
Let x(p) = 12*p**2 + 71*p + 143. Calculate x(-2).
49
Let l(g) = 376*g. Give l(0).
0
Let q(n) = 2*n**2 + 60*n + 172. What is q(-27)?
10
Let d(r) = -1337*r + 16042. Give d(12).
-2
Let n(t) = 4*t**2 + 33*t + 12. Calculate n(-11).
133
Let y(r) = -35*r**3 - 526*r**2 - 24*r - 84. Determine y(-15).
51
Let v(a) = 17*a + 803. What is v(-47)?
4
Let f(b) = -263*b + 2401. Determine f(9).
34
Let i(v) = 41*v**3 + 11*v**2 - 2*v - 9. Give i(-2).
-289
Let f(o) = -5905*o + 82666. What is f(14)?
-4
Let k(x) = -6*x**3 - 44*x**2 - 11*x + 45. Give k(-7).
24
Let b(w) = 2*w**3 + 255*w**2 + 112*w - 1903. What is b(-127)?
2
Let b(t) = 11*t**3 - t**2 + 8*t - 1. Give b(-3).
-331
Let y(o) = 2*o**3 - 96*o**2 - 6*o + 286. Determine y(48).
-2
Let p(h) = 4*h**2 - h - 84. What is p(-11)?
411
Let r(h) = 3*h**3 - 91*h**2 + 268*h + 48. Calculate r(27).
-6
Let b(v) = -33894*v + 508412. Give b(15).
2
Let c(w) = w**3 + 29*w**2 + 18*w - 75. Determine c(-28).
205
Let o(h) = 62*h**2 + 32*h + 2. Calculate o(-1).
32
Let h(k) = -3*k**3 - 19*k**2 - 8*k + 1. Calculate h(-6).
13
Let a(p) = -p**3 + 37*p**2 - 4*p - 163. Calculate a(37).
-311
Let s(y) = 6*y - 1. Calculate s(-7).
-43
Let h(n) = 40*n**2 - 693*n + 157. Calculate h(17).
-64
Let k(j) = j**3 - 104*j**2 + 80*j + 2375. Give k(103).
6
Let r(j) = -j**2 - 18*j + 195. Give r(13).
-208
Let z(p) = -p**3 - 116*p**2 - 105*p + 1142. What is z(-115)?
-8
Let b(d) = d**3 + 90*d**2 - 115*d - 2076. Give b(-91).
108
Let v(z) = -290*z + 10434. Calculate v(36).
-6
Let x(b) = -284*b + 23287. Give x(82).
-1
Let b(f) = 32*f - 643. Give b(20).
-3
Let r(w) = -w**3 + 10*w**2 + 3*w - 45. Give r(9).
63
Let l(t) = -7*t**2 + 6*t + 61. Calculate l(9).
-452
Let z(p) = 552*p - 1626. Calculate z(3).
30
Let b(v) = -v**3 - 19*v**2 - 74*v + 65. Give b(-7).
-5
Let i(t) = -t**2 - 5*t + 121. Calculate i(-12).
37
Let q(a) = 22*a - 58. Calculate q(3).
8
Let h(p) = 2*p**2 - 56*p - 4814. Give h(-37).
-4
Let x(d) = -3*d**3 + 7*d - 21. Calculate x(6).
-627
Let i(h) = -4*h**3 - 2*h - 75. Give i(0).
-75
Let m(c) = c**3 + 123*c**2 - 137*c - 1594. What is m(-124)?
18
Let c(r) = -r**2 - 47*r - 298. Give c(-36).
98
Let c(j) = -19*j**2 + 51*j + 49. What is c(-1)?
-21
Let o(d) = -1619*d + 32386. Calculate o(20).
6
Let i(y) = -162*y - 9297. Give i(-57).
-63
Let w(y) = 2*y**3 - 20*y**2 - 24*y + 104. Determine w(9).
-274
Let v(f) = f**3 - 3*f**2 + 96*f - 299. Give v(3).
-11
Let v(n) = -2906*n - 5778. Give v(-2).
34
Let f(w) = -33*w**3 - 6*w + 6. Determine f(1).
-33
Let o(m) = 41*m - 298. Give o(8).
30
Let z(o) = 9*o**2 - 404*o + 722. What is z(43)?
-9
Let o(c) = -c**2 - 20*c - 105. Give o(-13).
-14
Let k(a) = -a**2 + a + 262. What is k(-15)?
22
Let l(g) = g + 81. Calculate l(-35).
46
Let q(g) = 2*g**2 + 33*g + 12. Give q(-14).
-58
Let y(i) = 3712*i - 22278. What is y(6)?
-6
Let l(r) = -4*r**2 + 40*r - 109. Calculate l(4).
-13
Let o(f) = 2*f**2 - 79*f + 33. Give o(39).
-6
Let g(z) = -2*z**2 + 238*z - 7066. Give g(56).
-10
Let y(j) = -2*j**2 - 23*j + 80. What is y(3)?
-7
Let k(y) = 496*y - 1386. Give k(3).
102
Let m(l) = -20*l**2 + 13*l + 1. What is m(3)?
-140
Let m(s) = -s**3 - 20*s**2 - 98*s - 1126. What is m(-18)?
-10
Let n(y) = y**3 - 4*y**2 + 8*y - 64. Calculate n(5).
1
Let u(a) = 164*a + 1133. Give u(-7).
-15
Let b(r) = -40*r + 6890. Give b(171).
50
Let r(c) = 9*c**2 + 17*c + 3. What is r(-2)?
5
Let d(t) = -t**3 - 55*t**2 - 155*t + 49. Give d(-52).
-3
Let f(n) = -n**3 + 42*n**2 - 149*n - 255. Give f(38).
-141
Let l(n) = 13*n**2 + 353*n + 31. Calculate l(-27).
-23
Let l(t) = -4*t**3 + 5*t**2 + 35*t - 90. Give l(3).
-48
Let o(g) = -g**2 + g + 11. Determine o(8).
-45
Let i(l) = -6*l - 9. Calculate i(-6).
27
Let i(q) = 74*q**3 - 3*q**2 + 41*q - 39. Determine i(1).
73
Let l(x) = 2*x**3 - 61*x**2 - 29*x - 69. Calculate l(31).
-7
Let h(k) = 241*k**3 + k**2 + 4*k - 4. Give h(1).
242
Let t(b) = -2*b**2 - 67*b - 41. Calculate t(-33).
-8
Let l(w) = 2*w**2 - 542*w - 8564. What is l(-15)?
16
Let j(s) = s**2 - 6*s + 17. Calculate j(3).
8
Let k(f) = 328*f - 2691. Give k(7).
-395
Let a(g) = -34*g + 243. Determine a(12).
-165
Let p(y) = -3*y**2 + 12*y - 15. Determine p(4).
-15
Let y(h) = -h**3 - 48*h**2 + 157*h + 181. Give y(-51).
-23
Let r(i) = -7*i - 19. What is r(-10)?
51
Let w(a) = -a**3 + 4*a**2 - 37*a + 128. Calculate w(4).
-20
Let u(h) = 2383*h + 9541. Determine u(-4).
9
Let x(o) = -7*o**2 + 173*o - 784. Calculate x(6).
2
Let p(m) = m**3 + 19*m**2 + 14*m - 70. Calculate p(-18).
2
Let p(d) = -d**3 + 21*d**2 + 535*d - 11234. Determine p(21).
1
Let j(r) = -r**3 - 115*r**2 + 119*r + 472. What is j(-116)?
124
Let u(n) = 3*n**2 - 27*n - 21. Determine u(12).
87
Let x(l) = -l**2 - 119*l + 1719. What is x(13)?
3
Let